d by c(-4).
2
Suppose -v - 3 = 0, -w - 2*w - 2*v = -609. Calculate the remainder when w is divided by 48.
13
Suppose q + 2*y = 344 + 466, -2*q + 2*y = -1614. What is the remainder when q is divided by 54?
52
Suppose n + 5 - 7 = 0. What is the remainder when 46 is divided by (80/25)/(n/15)?
22
Let p(g) = 37*g - 39. Calculate the remainder when 282 is divided by p(3).
66
Let m(r) = r**2 + 11*r - 5. Let l be m(-11). Let d(u) = 4*u**2 - 3*u - 32. What is the remainder when d(l) is divided by 21?
20
Let g(n) = -3*n**2 + 10*n - 3*n**2 - 8*n**2 - n**3 + n - 16. Let i be g(-15). Let s = i - 12. Calculate the remainder when s is divided by 11.
10
Suppose 662 = -90*o + 2102. Calculate the remainder when 155 is divided by o.
11
Let g(j) = 13*j + 6. Let f be g(6). Suppose -3*r + 8 = r - 4*x, 16 = 5*r - 2*x. Suppose -r*m + f = -m. Calculate the remainder when m is divided by 15.
13
Calculate the remainder when (-1 - (-126)/12)*44 is divided by 60.
58
Let w(i) = 19 + 2*i**2 - 2 - 8 + 3*i**3 - 10. Let l be w(1). What is the remainder when 7 is divided by (l - (-30)/(-9))*3?
1
Let z(i) = -i**2 + 4*i + 27. Calculate the remainder when 33 is divided by z(7).
3
Suppose 0 = -3*p + 2 + 1. Suppose f + 3 = p. Calculate the remainder when (f + -1)/9*-69 is divided by 8.
7
Let j(i) = 2*i**3 - i**2 + 7*i + 2. Let n be j(6). Suppose 13*y - n = 11*y. Calculate the remainder when (y/(-4) - -3)/(-1) is divided by 11.
8
Suppose 3*t - 7*t + 3*x = 45, x + 5 = 0. Calculate the remainder when (t/45)/(1*1/(-54)) is divided by ((-11)/3)/(1/(-3)).
7
Calculate the remainder when 9 is divided by ((-86)/(-129))/(2/12).
1
Suppose -6*z = -2*z + 20, 0 = -3*a + 2*z + 175. What is the remainder when a is divided by (-94)/(-7) - (1022/98 - 11)?
13
Let l = 312 - 308. What is the remainder when 22 is divided by l?
2
Suppose 4*u - 67 - 17 = 0. Let s = 315 - 304. What is the remainder when u is divided by s?
10
Let q = 181 - 174. What is the remainder when q is divided by ((24/(-30))/(-2))/((-1)/(-10))?
3
Let n(p) = -p**3 + 3*p**2 + 10*p + 11. Calculate the remainder when 311 is divided by n(-3).
31
What is the remainder when (210/(-315))/((-2)/3789) is divided by 55?
53
Let j be (-1)/((-78)/(-550) - 4/22). Suppose 4*x - 3*g - j = 266, -84 = -x + 3*g. What is the remainder when x is divided by 24?
21
Suppose -4*n + 3*o + 1 = -3, -4*o = -2*n + 2. Let l(h) = -189*h - 4156. Calculate the remainder when l(-22) is divided by n.
0
Suppose 5*n + 4*s - 605 = -s, 121 = n - s. Calculate the remainder when n is divided by 66.
55
Suppose -40 = 3*r - 202. Calculate the remainder when 82 is divided by r.
28
Let u = 231 - 208. Calculate the remainder when 52 is divided by u.
6
Suppose 2*z - 5*c = -z + 140, 2*c - 154 = -3*z. Calculate the remainder when 98 is divided by z.
48
Let w be (1 + -1)/3 - 6. Let d be 2 + -5 - (-44 - w). What is the remainder when 29 is divided by 3/(-15) - (-357)/d?
9
Suppose 0 = -17*a + 116 + 20. Calculate the remainder when 387 is divided by a.
3
Let z = 175 + -128. Calculate the remainder when 134 is divided by z.
40
What is the remainder when 179 + (3 - (-1)/(-1)) is divided by 23?
20
Suppose -2*y - 2*y + 75 = a, 56 = 3*y + a. Let x be 13*(3 - 0) + -1. Suppose 5*o + x = 5*h + 2*o, -5*h = -o - 46. What is the remainder when y is divided by h?
9
Let y = -874 + 942. Calculate the remainder when 205 is divided by y.
1
Let y = 88 - 52. What is the remainder when y is divided by (-10)/(-3)*2*3?
16
Let s(q) = -q - 5. Let i be s(0). Let b(l) = -l**2 - 31*l + 118. Let v be b(-34). Let p = i + v. What is the remainder when 19 is divided by p?
8
Let s = 7 - 11. Let i be 12/((-66)/(-56) - (-3)/(-7)). Let a = s + i. What is the remainder when 23 is divided by a?
11
Suppose -32 = -2*x - 2*a, 24*x - 27*x + 63 = -2*a. What is the remainder when x is divided by 18?
1
Let n(u) = 5*u**2 - 16*u + 46. What is the remainder when n(5) is divided by 52?
39
Let u(z) = -12*z + 126. Let d(q) = -5*q + 3. Let m(t) = -t**2 - 9*t + 4. Let b be m(-10). Calculate the remainder when d(b) is divided by u(9).
15
Suppose 4*y = -62 + 2. Let a(q) = -q**2 - 14*q + 18. Let k be a(y). Suppose k*u + 2*u = 495. What is the remainder when u is divided by 25?
24
Suppose 640 = 4*h + 396. What is the remainder when h is divided by 32?
29
Suppose -3*m - 2*a + 8 = -0*a, -a = 2*m - 5. Let d = m + 23. Suppose 2*z - 58 = -4*j, 11*j + 2*z = 6*j + 73. What is the remainder when d is divided by j?
10
Suppose 42 = -u + 5*u - 3*l, 0 = 2*u - 2*l - 22. Suppose 288 = u*n - 270. Calculate the remainder when n is divided by 25.
12
Let v = 141 - 127. What is the remainder when 41 is divided by v?
13
Let d be 3*3/((-9)/(-10)). What is the remainder when 407/5 + (-4)/d is divided by 21?
18
Let r = 314 - 164. Suppose 4*b + s - 132 = -b, -5*s - r = -5*b. Calculate the remainder when b is divided by 8.
3
What is the remainder when 11 - ((-40)/10 + -301) is divided by 14?
8
Let m(k) = -k**3 - 10*k**2 - 10*k - 10. Let w be m(-9). Let z = w - -10. What is the remainder when -2 - ((-3 - 1) + -33) is divided by z?
8
Suppose 10*t - 406 = -4*t. What is the remainder when t is divided by 10?
9
Let u = 46 - 38. Calculate the remainder when 2*(-3)/(-24) - (-254)/u is divided by 18.
14
Let n = -182 + 215. Calculate the remainder when 83 is divided by n.
17
Let r be 4 - (4 - 6/3). Suppose 0 = 3*x + 12, c + r = x + 14. What is the remainder when 19 is divided by ((-22)/3)/(c/(-12))?
8
What is the remainder when (4200/(-270))/((-4)/90) is divided by 27?
26
Suppose -5 - 20 = -5*s. Suppose -2*x - 18 = -s*x. Calculate the remainder when 66/(-4)*12/(-9) is divided by x.
4
Suppose 0*m + 5*z + 710 = m, -4*m = -z - 2897. Calculate the remainder when m is divided by 13.
10
Let u = 46 + -32. Suppose -n + 170 = -2*x + 5*x, -2*n - 45 = -x. What is the remainder when x is divided by u?
13
Let t be (26 - -2) + 0 - 3. What is the remainder when 26 is divided by (-222)/(-15) + 5/t?
11
Suppose 0 = -2*q - 3*g + 55, 4*g = -5*q + 54 + 80. Let p = -85 + 290. What is the remainder when p is divided by q?
23
Let q be 1/(-3) + (-130)/(-3). Let b = q + -23. Let g = 267 + -190. What is the remainder when g is divided by b?
17
Let u = -509 - -533. What is the remainder when 40 is divided by u?
16
Let a(h) = -h + 16. Let f(y) = -7*y - 18. Let q be f(-9). Let j be (81/q)/((-1)/(-5)). Calculate the remainder when a(j) is divided by 4.
3
Let w(q) = 2*q - 35. Let z be w(15). Calculate the remainder when 46 is divided by (16/z)/((-1)/5).
14
Let s = -891 - -1309. Calculate the remainder when s is divided by 15.
13
Suppose 5*n - 26 = 3*z - 0*n, 0 = -2*z - 3*n - 11. Let m = 9 - z. What is the remainder when 79 is divided by m?
15
Calculate the remainder when 119 is divided by ((-255)/(-21) - 3)/(12/42).
23
Suppose -20 = -5*d - 5*y, -2*d + 4*y = -1 - 1. Suppose -8*z = -3*z - 75. Calculate the remainder when z is divided by d - (-2)/((-4)/(-2)).
3
Let n(a) = a**2 - 8*a + 46. What is the remainder when n(5) is divided by 12?
7
Let g = 158 - 108. What is the remainder when 148 is divided by g?
48
Suppose -191 - 410 = -5*n - 4*r, 2*r = -2*n + 242. Calculate the remainder when n is divided by 60.
57
Let b(m) = -m**3 + 24*m**2 - 22*m - 8. Suppose -5*y + 3*r = -4*y - 61, -5*r - 53 = -y. Calculate the remainder when y is divided by b(23).
13
Let g = 38 + 44. What is the remainder when g is divided by 44?
38
Let r(f) = f**2 - f. Let a(y) = y**3 - y - 2. Let o(n) = -a(n) + 3*r(n). Let l be ((-12)/(-9))/((-2)/(-3)). Calculate the remainder when 4 is divided by o(l).
0
Suppose -13 - 12 = -5*d, 0 = 3*b - 3*d - 201. Calculate the remainder when 105 is divided by b.
33
Suppose -16 = 4*m, 431 = 3*o + 2*m - 653. Suppose -h = 3*h - o. What is the remainder when h is divided by 46?
45
Let s be (-5)/(-5)*(629 + -1). Suppose 4*x + 3*m - 613 = 2*m, -4*x + 4*m + s = 0. What is the remainder when x is divided by 52?
50
Let x(l) be the first derivative of 5 - 1/4*l**4 - 2*l - 3/2*l**2 - 1/3*l**3. Calculate the remainder when 22 is divided by x(-2).
6
Let r(f) = f**3 + 4*f**2 - 7*f - 7. Suppose 3*b = -a + 10, -4*a = -0*a + 3*b - 49. Calculate the remainder when a is divided by r(-5).
1
Let l = -10 + 13. Let i(s) = s**3 - s**2 - 3*s + 1. What is the remainder when 4*(-2 - (-54)/8) is divided by i(l)?
9
Suppose -110*t 